ivided by 11049?
6038
Calculate the remainder when 130120 is divided by 13976.
4336
Calculate the remainder when 471532 is divided by 3544.
180
Calculate the remainder when 1645604 is divided by 593.
29
What is the remainder when 337258767 is divided by 4?
3
What is the remainder when 49305 is divided by 75?
30
Calculate the remainder when 42643 is divided by 316.
299
Calculate the remainder when 631380 is divided by 510.
0
Calculate the remainder when 180786141 is divided by 4144.
4141
Calculate the remainder when 2190808 is divided by 4254.
4252
What is the remainder when 32848836 is divided by 4490?
4486
What is the remainder when 787805 is divided by 986?
977
What is the remainder when 17284222 is divided by 92?
90
What is the remainder when 24964096 is divided by 3120506?
48
What is the remainder when 29511395 is divided by 192?
35
What is the remainder when 306426 is divided by 28?
22
Calculate the remainder when 22281435 is divided by 199.
2
What is the remainder when 3466144 is divided by 9245?
8514
What is the remainder when 47966594 is divided by 155?
139
Calculate the remainder when 573307 is divided by 439.
412
Calculate the remainder when 73468172 is divided by 2533384.
36
Calculate the remainder when 7456118 is divided by 233003.
22
Calculate the remainder when 9169015 is divided by 1864.
1863
Calculate the remainder when 18907342 is divided by 6302442.
16
What is the remainder when 334001 is divided by 33325?
751
What is the remainder when 843389 is divided by 352?
349
What is the remainder when 39785 is divided by 1621?
881
Calculate the remainder when 2558255 is divided by 3634.
3553
What is the remainder when 21372674 is divided by 6702?
6698
Calculate the remainder when 517313 is divided by 656.
385
What is the remainder when 337964 is divided by 112621?
101
Calculate the remainder when 158342 is divided by 3104.
38
Calculate the remainder when 520335 is divided by 58.
17
Calculate the remainder when 1564352 is divided by 260717.
50
What is the remainder when 8137885 is divided by 285?
280
Calculate the remainder when 7786221 is divided by 1668.
1665
What is the remainder when 3242696 is divided by 3118?
3094
Calculate the remainder when 153417 is divided by 76701.
15
Calculate the remainder when 5147063 is divided by 2573529.
5
Calculate the remainder when 1945462 is divided by 216162.
4
Calculate the remainder when 1487971 is divided by 16.
3
Calculate the remainder when 1448998 is divided by 194.
12
What is the remainder when 4764013 is divided by 2773?
2772
Calculate the remainder when 63703500 is divided by 420.
0
Calculate the remainder when 10103848 is divided by 36741.
73
Calculate the remainder when 674403 is divided by 42147.
51
Calculate the remainder when 18662 is divided by 1138.
454
What is the remainder when 149380013 is divided by 1189?
1187
Calculate the remainder when 1279464 is divided by 39979.
136
Calculate the remainder when 27884 is divided by 517.
483
What is the remainder when 27629920 is divided by 262?
186
Calculate the remainder when 1096619 is divided by 947.
940
Calculate the remainder when 17907676 is divided by 477.
142
What is the remainder when 3731431 is divided by 1243794?
49
What is the remainder when 23527 is divided by 650?
127
What is the remainder when 5912533 is divided by 17039?
0
What is the remainder when 2505437 is divided by 156?
77
Calculate the remainder when 2980458 is divided by 50.
8
Calculate the remainder when 3057542 is divided by 523.
84
What is the remainder when 51652059 is divided by 27755?
4
Calculate the remainder when 38409 is divided by 3393.
1086
Calculate the remainder when 1351976 is divided by 270241.
771
Calculate the remainder when 301280127 is divided by 1335.
1332
Calculate the remainder when 4039 is divided by 928.
327
Calculate the remainder when 93960476 is divided by 913.
907
Calculate the remainder when 2666447 is divided by 190460.
7
What is the remainder when 948768 is divided by 1111?
1085
What is the remainder when 66652723 is divided by 139?
138
Calculate the remainder when 7007 is divided by 4932.
2075
Calculate the remainder when 3145298 is divided by 21543.
20
What is the remainder when 2380897 is divided by 595209?
61
What is the remainder when 5586090 is divided by 86?
46
Calculate the remainder when 218394 is divided by 72610.
564
Calculate the remainder when 101299 is divided by 82.
29
What is the remainder when 284672 is divided by 14966?
318
What is the remainder when 128171 is divided by 41771?
2858
Calculate the remainder when 1806229 is divided by 301028.
61
Calculate the remainder when 413911 is divided by 137934.
109
What is the remainder when 5553 is divided by 146?
5
What is the remainder when 3800595 is divided by 950147?
7
What is the remainder when 571417 is divided by 415?
377
What is the remainder when 135922 is divided by 6787?
182
Calculate the remainder when 4082392 is divided by 3141.
2233
What is the remainder when 11581 is divided by 596?
257
Calculate the remainder when 245831762 is divided by 3101.
3088
Calculate the remainder when 5531941 is divided by 691490.
21
What is the remainder when 369711 is divided by 1568?
1231
Calculate the remainder when 9172003 is divided by 269764.
27
What is the remainder when 332982 is divided by 332538?
444
What is the remainder when 1795306 is divided by 737?
711
Calculate the remainder when 206949 is divided by 68346.
1911
Calculate the remainder when 724460 is divided by 724450.
10
Calculate the remainder when 39499 is divided by 12683.
1450
What is the remainder when 12974 is divided by 4240?
254
Calculate the remainder when 777415 is divided by 8543.
2
Calculate the remainder when 178391 is divided by 89171.
49
Calculate the remainder when 12620875 is divided by 229.
227
What is the remainder when 6974922 is divided by 6974900?
22
Calculate the remainder when 440944 is divided by 326.
192
What is the remainder when 147792 is divided by 2275?
2192
Calculate the remainder when 19639045 is divided by 4609.
96
Calculate the remainder when 183099 is divided by 60263.
2310
What is the remainder when 548966 is divided by 3307?
4
What is the remainder when 6531 is divided by 1453?
719
What is the remainder when 20070 is divided by 16863?
3207
Calculate the remainder when 8594467 is divided by 1302.
1267
What is the remainder when 11679353 is divided by 689?
114
What is the remainder when 39532 is divided by 1382?
836
What is the remainder when 158338 is divided by 455?
453
Calculate the remainder when 849059 is divided by 58.
55
What is the remainder when 129500 is divided by 576?
476
What is the remainder when 264915 is divided by 863?
837
Calculate the remainder when 95490 is divided by 44510.
6470
What is the remainder when 977250 is divided by 111?
6
Calculate the remainder when 407253 is divided by 1514.
1501
Calculate the remainder when 18174 is divided by 4.
2
Calculate the remainder when 1530346742 is divided by 423.
422
Calculate the remainder when 842980 is divided by 200.
180
Calculate the remainder when 649095 is divided by 7.
6
What is the remainder when 515477 is divided by 723?
701
What is the remainder when 173182 is divided by 172600?
582
What is the remainder when 508362 is divided by 535?
112
What is the remainder when 1263161 is divided by 1442?
1411
Calculate the remainder when 35718197 is divided by 58.
57
What is the remainder when 225644 is divided by 37161?
2678
What is the remainder when 285672 is divided by 142722?
228
Calculate the remainder when 32417321 is divided by 158.
145
What is the remainder when 2193392 is divided by 146188?
572
Calculate the remainder when 116815 is divided by 92.
67
What is the remainder when 24402 is divided by 7518?
1848
Calculate the remainder when 153174912 is divided by 289.
288
Calculate the remainder when 124295368 is divided by 430.
428
What is the remainder when 46967 is divided by 1877?
42
What is the remainder when 453599 is divided by 2804?
2155
Calculate the remainder when 33249 is divided by 125.
124
Calculate the remainder when 13628149 is divided by 34.
31
What is the remainder when 546274 is divided by 2375?
24
What is the remainder when 6884308 is divided by 116683?
11
What is the remainder when 126488 is di